 + 2. Let j be m(0). Suppose -4*i + z = -71, 0 = -6*i + i + j*z + 91. What is the tens digit of i?
1
Suppose -4*i + 64 = v + v, -78 = -5*i - 3*v. What is the units digit of i?
8
Suppose -5 = -5*q - 0*q. Suppose -3*n - m + 10 = -q, 19 = 3*n - m. Suppose 3*g - n = 1. What is the units digit of g?
2
Let n(k) = k - k**2 + 9 + 8 - 6. Let b(f) = -f**2 + 2*f. Let t be b(2). What is the units digit of n(t)?
1
Let v be 2*2/(-4) - -5. Suppose -2*r = 0, 3*r - 12 = v*m - 0. Let z = 7 - m. What is the units digit of z?
0
Suppose 2*y - 5 = y + v, 4*y + 2*v = 26. Let l be 16*(-9)/y - 0. What is the units digit of (l/9)/2*-6?
8
Let h(n) = n**3 - 3*n**2 + n + 1. Let m be h(2). Let s be (m - 6*-1)*1. Suppose 45 = s*c + z, -z + 55 = 4*c - 4*z. What is the tens digit of c?
1
Suppose -v + 2*v - 26 = 0. Suppose 5*c - 18 = -w + 2*w, -3*w - 5*c + v = 0. What is the units digit of -3*(-2 + w/(-6))?
7
Let w(j) = j**3 + 6*j**2 + 4*j + 4. Let b be w(-5). Suppose 0 = i + 5*h - 16, -h - b = -2*i + 1. What is the units digit of i?
6
Let n = 26 + -20. What is the units digit of n?
6
Let r(s) = s**3 + 4*s**2 + 4*s + 2. Let k be r(-2). Suppose -69 + 13 = -4*n + k*j, -4*n + 62 = -5*j. What is the units digit of n?
3
Suppose 0 = -0*g - 2*g + 76. What is the tens digit of g?
3
Suppose 11*m - 15*m = -580. What is the hundreds digit of m?
1
Suppose -53*q + 58*q = 380. Let n be ((-6)/(-8))/(2/8). Suppose a - q = -n*a. What is the tens digit of a?
1
Suppose -3*j + 44 = -223. What is the tens digit of j?
8
Let n be (6/4)/((-3)/(-8)). Suppose 2*y - n = 0, -5*v + 3*y + y + 82 = 0. What is the units digit of v?
8
Suppose -5*z + 5*s = 20, 4*z - 3*s = 3*z - 6. Let q = z + 52. What is the units digit of q?
9
Let v(n) = -12*n - 1. Let m(k) = -2*k + 4*k**3 - 2*k**3 - 1 + 0. Let t be m(-1). What is the tens digit of v(t)?
1
Let l be -5*(-1)/(-2)*-302. What is the units digit of (-4)/(-18) - l/(-45)?
7
Suppose 0*z + 2*z = -3*q + 12, 2*q - 8 = 5*z. Suppose -5*k + z = d - 16, -4*d - k + 83 = 0. What is the tens digit of d?
2
Let n(k) = 2*k**2 + 3*k + 3. What is the tens digit of n(-6)?
5
Suppose w + i = -0*i + 53, 0 = -4*i + 20. Let q be (-1)/(-5) + w/10. Suppose -4*n - 3 = -q*m, 3*m + 5*n - 24 = -0*m. What is the units digit of m?
3
Let r(v) = -v**3 - 8*v**2 - 11*v - 17. What is the tens digit of r(-8)?
7
Suppose -v - 3 = -1. Let x(o) = -o**3 - 2*o**2 - 2*o - 3. Let u be x(v). What is the units digit of u*(2 + 9/3)?
5
Suppose 0 = 3*c - 0*c. Let i(r) = c*r**3 + 3*r**3 - 1 + r**2 - 4*r**3 + 3*r. What is the units digit of i(2)?
1
Let s(b) = -b**3 - b**2 - b - 2. Suppose -3*q = -3*f + 2*q - 11, 3*f = -2*q - 4. What is the units digit of s(f)?
4
Let c = 16 - 11. Suppose -3*p + 4 = -p. Let n = c - p. What is the units digit of n?
3
Let a = -34 + 40. What is the units digit of a?
6
Let g(j) = -j + 7. Let m be (-22)/(-8) + 8/32. What is the units digit of g(m)?
4
Suppose b = o + 62, 3*b - 2*o - 21 = 166. Suppose 2*v - b = -v + h, h = -5*v + 105. What is the tens digit of v?
2
Suppose -3*s + 5*r = -27, -8*s + 4 = -4*s + 4*r. Suppose -2*k = 3*k + 2*l - 93, 0 = s*l + 4. What is the units digit of k?
9
Let f = 0 - -3. Suppose f*y = 5*y - 2. What is the units digit of -2*y*3/(-6)?
1
Let w(k) be the first derivative of k**4/4 - k**3/3 - k**2 + 45*k + 10. What is the tens digit of w(0)?
4
Suppose -g + 5*g + 4*v = 20, -v + 8 = 4*g. What is the tens digit of 4/6*(g - -17)?
1
Let u = 142 - 32. What is the hundreds digit of u?
1
Let t = -10 + 14. What is the units digit of (t/(-12))/((-4)/84)?
7
Suppose 3*j + j = -5*p + 1115, -p - 4*j + 223 = 0. What is the units digit of p?
3
Let d = -93 - -333. What is the hundreds digit of d?
2
Let q = 6 - 2. Suppose q*s - 7 = 9. What is the units digit of s?
4
Let q = 1 - 0. Let d = 7 + -3. What is the units digit of d/4 - (-1)/q?
2
Let x be 33*(-5)/(30/(-8)). Suppose 4*b + 0*b = x. What is the tens digit of b?
1
Suppose -2*q + 144 = q. What is the units digit of q?
8
Let w(k) = -k**3 - 4*k**2 + 7*k + 7. Let y be w(-5). Let o(c) = -3*c - 3. Let x(d) = 12*d + 13. Let b(v) = 9*o(v) + 2*x(v). What is the units digit of b(y)?
8
Suppose -37 + 2 = -r. Let b = r + -25. What is the units digit of b?
0
Let x(d) = 4*d - 3 - d**3 + 6*d**2 + 0*d - 5*d - d. What is the tens digit of x(5)?
1
Let q(m) = -m**2 + 8*m - 8. Suppose -k - 1 = -7. What is the units digit of q(k)?
4
Suppose 0 = 3*i - 54 - 444. What is the tens digit of i?
6
Let w(k) = -k**2 + 5*k - 3. Let j be w(3). Let x be (-6)/(-3) - (0 - j). Suppose x*z = 3*z + 40. What is the tens digit of z?
2
Suppose -o + t = -4*o + 927, 5*o = -3*t + 1549. What is the units digit of o?
8
Let u(p) = p**3 - 3*p**2 - 3*p. Let g be u(4). Suppose -g*h - 2*i - 42 = -6*h, i + 65 = 3*h. What is the tens digit of h?
2
Suppose -11 = -5*d - m - 4, 4*m = 2*d + 6. Suppose 1 + d = t. Suppose t*y = -0*y + 40. What is the tens digit of y?
2
Suppose -j = -4*l - 177, 3*j + 180 = 4*j - 3*l. What is the hundreds digit of j?
1
Let q(r) = -r**2 + 11*r + 5. Let y be q(11). Suppose -a - 2*a = -y*d + 42, -5*d + 4*a + 41 = 0. What is the units digit of d?
9
Let q(w) = -5*w**3 + 2*w - 1. Let k be q(1). What is the units digit of 118/6 + k/6?
9
Let f(v) be the first derivative of v**4/4 + 8*v**3/3 + 9*v**2/2 + 3*v + 3. What is the tens digit of f(-6)?
2
Suppose 5*u - 187 = 148. Suppose w - u = -2*n, -3*w - 9 = 6. What is the tens digit of n?
3
Let v = -24 - -18. What is the units digit of (-6)/(-9) - 218/v?
7
Suppose -2*n - 3*k = 13, -k + 26 = -3*n + k. Let p = -2 + 6. What is the units digit of p/(n/(-14)) - -1?
8
Let h be (-15)/2*24/10. Let y = h + 25. What is the units digit of y?
7
Let q(a) = 2*a**2 + 2*a + 4. What is the tens digit of q(-4)?
2
Let p be (-8)/12*9*2. Let s = -3 - p. What is the units digit of s?
9
Suppose -12 = -4*n - 5*h, -2*n + 5*h + 36 = -0*h. Suppose -2*w + n = -w - c, 4*c + 12 = 0. What is the units digit of w?
5
Let t = 90 - 58. What is the tens digit of t?
3
Let y(k) = -15*k - 27. What is the tens digit of y(-6)?
6
Let w(s) = -s**2 + 7*s - 5. Let i be w(6). Let u(f) = i + f**3 + 3*f**2 + 2*f**3 - 4*f**3. What is the units digit of u(3)?
1
What is the units digit of (0 - -1) + 12/3?
5
What is the units digit of (9 + 1)*(-21)/(-14)?
5
Let f = -2 + 5. Suppose 0 = f*p + 2*c - 5*c, 0 = p - 2*c - 1. What is the units digit of 3*(p/(-3) + 2)?
7
Suppose -4*n + 977 = 3*f, -6*n + 5*n + 4*f + 230 = 0. What is the hundreds digit of n?
2
Suppose -72 + 8 = -2*d. Suppose -4*c + d = -0. What is the units digit of c?
8
Let b(x) = -x + 9. Let a be b(6). Suppose a*z - 7 = -2*y, z + 3*y = 3*z - 9. Suppose 8 = -h + z*h. What is the units digit of h?
4
Let z = 0 - 14. What is the units digit of (-4)/(-3 + 7)*z?
4
Suppose 3*c = r - 1, -9*c + 4*c = 10. Let l = -4 - r. What is the units digit of l?
1
Let h(f) = f - 3. Let n be h(4). Let j be (1/(-2)*58)/n. Let w = -21 - j. What is the units digit of w?
8
Suppose 4*k - 9 = -t, 3*k - 2 = 2*t - 9. What is the units digit of (-1)/(k/(-1)) - -4?
5
Let j = 36 - -11. What is the units digit of j?
7
Suppose 0 = -5*r + 71 + 54. What is the tens digit of r?
2
Suppose -2*u - 6 = 10. Let d be (-1)/4 + (-18)/u. Suppose -4*v = -2*r + 30, d*v - 27 = -5*r - 0*v. What is the units digit of r?
7
Suppose -6*o + 4*o - 5*c = -13, -2*c = -6. Let s be 7 - (o - (-3 + 1)). Suppose s*z = 3*z + 12. What is the units digit of z?
4
Let b be 2/((-2)/58*-2). Suppose -b - 1 = -5*n. What is the units digit of n?
6
Let s(h) = 29*h**3 - h**2 + 2*h - 2. What is the hundreds digit of s(2)?
2
Let c(k) = -2*k + 9. Let l be c(6). Let x = 2 - 1. What is the units digit of x + l - (-5 - -1)?
2
Suppose 25 = y + 4*z, -5*z + 35 = 2*y - 0*y. Let h = y - 1. What is the units digit of h?
4
Suppose 5*g + 44 = 264. What is the units digit of g?
4
Let l(p) be the third derivative of p**6/120 + p**5/10 + p**4/12 + p**3/3 - 3*p**2. What is the units digit of l(-3)?
3
Suppose 0 = -2*y + 5*w + 1, -2 = -y - 5*w + 6. Suppose 4*n = 4*f + 33 + 55, 4*f - 17 = -n. Suppose 0*a - n = -y*a. What is the units digit of a?
7
Let l(a) = -a**2 + 4*a + 7. Let h be l(5). Suppose -3*d = 5*p - 5*d - 151, -3*p - h*d = -97. What is the tens digit of p?
3
Let c(j) = -j**3 + 2*j**2 + j - 2. Let k = -2 + 0. What is the tens digit of c(k)?
1
What is the hundreds digit of (5 - (-20)/(-4)) +